 Determine u(-6).
-7
Let i(x) = x**3 + 10*x**2 + 13*x - 5. Give i(-8).
19
Let b(a) = a**2 + a - 21. Give b(-5).
-1
Let w(j) = -j**3 + 2*j**2 + 4*j - 4. Determine w(4).
-20
Let o(v) = v**2 - 3*v - 7. What is o(-5)?
33
Let h(c) = 3*c**2 + 17*c + 14. Calculate h(-6).
20
Let q(t) = t**2 + 6*t + 4. Calculate q(-6).
4
Let n(i) = i**3 - 20*i**2 - i + 8. Determine n(20).
-12
Let z(j) = j**3 + 21*j**2 + 5*j + 106. Give z(-21).
1
Let z(o) = o**3 + 7*o**2 - 5*o + 10. Determine z(-8).
-14
Let h(k) = k**2 + 17*k + 16. What is h(-14)?
-26
Let k(u) = -u**2 + 4*u + 16. What is k(6)?
4
Let l(z) = -z**3 + z**2 + 19*z - 3. Give l(5).
-8
Let h(f) = 9*f**2. What is h(1)?
9
Let m(x) = -24*x + 512. Give m(21).
8
Let w(c) = -18*c**3 - c - 1. Determine w(-1).
18
Let h(c) = 6*c - 51. Calculate h(12).
21
Let v(a) = 9*a + 226. Determine v(-26).
-8
Let w(k) = -k**3 - 18*k**2 - 32*k + 3. Give w(-16).
3
Let o(q) = 19*q + 347. Give o(-18).
5
Let b(m) = -2*m**3 - 24*m**2 + m + 16. Give b(-12).
4
Let d(c) = -2*c + 11. Give d(-8).
27
Let s(f) = -8*f - 147. Give s(-19).
5
Let i(v) = -2*v - 38. Determine i(-20).
2
Let k(p) = -37*p**2 + 4*p - 1. Determine k(2).
-141
Let w(p) = -2*p**2 + 6*p - 7. Determine w(5).
-27
Let a(h) = -h**3 + 6*h**2 + 4*h. Calculate a(7).
-21
Let y(x) = -19*x + 918. Calculate y(49).
-13
Let m(t) = -t**2 + 15*t - 5. Give m(12).
31
Let n(f) = f**3 + 18*f**2 - 4*f + 5. Give n(-18).
77
Let l(x) = x**3 + 7*x**2 - 10*x - 6. Determine l(-8).
10
Let v(z) = z**3 + 13*z**2 + 30*z - 4. Calculate v(-10).
-4
Let l(v) = 6*v**2 - 11*v - 13. Give l(-1).
4
Let v(n) = -7*n - 12. Give v(-8).
44
Let s(x) = x**3 - 15*x**2 - 14*x - 44. Calculate s(16).
-12
Let a(k) = 6*k**2 + 1. What is a(-1)?
7
Let k(v) = 5*v. Calculate k(1).
5
Let z(c) = c**3 - 11*c**2 + c - 7. Determine z(11).
4
Let z(y) = 6*y - 175. Give z(24).
-31
Let d(m) = -2*m**3 - 2*m**2 - 4*m - 9. Determine d(-2).
7
Let t(m) = -3*m - 10. Give t(11).
-43
Let d(i) = -i**2 - 5*i + 17. Calculate d(-8).
-7
Let f(h) = h**2 + 6*h + 18. Calculate f(-8).
34
Let n(a) = 5*a - 15. What is n(-8)?
-55
Let z(h) = 7*h**3 + h**2 + 6*h + 6. Determine z(0).
6
Let b(d) = -d - 25. Calculate b(-9).
-16
Let o(q) = -q**2 - 17*q - 43. Determine o(-7).
27
Let p(z) = 41*z + 14. Determine p(-1).
-27
Let i(k) = -5*k**2 + 3*k + 1. Calculate i(-3).
-53
Let i(k) = -k**2 - 7*k + 4. Give i(-7).
4
Let y(n) = -n**3 - 14*n**2 - 13*n + 17. Give y(-13).
17
Let n(j) = j**3 - 8*j**2 + 9*j - 1. Calculate n(7).
13
Let j(w) = w**3 + 4*w**2 + 8*w + 9. What is j(-3)?
-6
Let c(g) = 2*g**3 - 25*g**2 + 11*g + 15. Give c(12).
3
Let v(d) = 2*d**2 + 12*d - 8. Determine v(-6).
-8
Let z(v) = -v**3 - 15*v**2 - 5*v - 69. Determine z(-15).
6
Let b(y) = 7*y**3 + 2. Give b(-1).
-5
Let n(i) = i**3 + 9*i**2 - 9*i + 5. What is n(-10)?
-5
Let f(r) = -6*r - 13. Determine f(3).
-31
Let n(f) = -f - 4. Calculate n(7).
-11
Let v(u) = 9*u - 31. Determine v(8).
41
Let j(p) = 4*p - 21. Give j(7).
7
Let v(h) = -26*h. Give v(1).
-26
Let a(v) = -20*v**2 - 1. What is a(1)?
-21
Let w(g) = -2*g**3 + 3*g**2 + g + 6. Give w(4).
-70
Let d(l) = -2*l**2 + 30*l + 126. Determine d(18).
18
Let a(q) = q**3 - 3*q**2 - 12*q - 3. Calculate a(6).
33
Let y(d) = -d**2 + 36*d - 278. What is y(27)?
-35
Let s(d) = d**2 + 10*d - 8. What is s(-11)?
3
Let o(c) = c**2 - 6*c + 8. What is o(5)?
3
Let k(a) = -6*a - 19. What is k(-4)?
5
Let i(r) = -r**2 - 14*r - 67. Calculate i(-11).
-34
Let v(l) = 8*l - 45. Calculate v(15).
75
Let p(d) = d**3 + 3*d**2 - 6*d - 6. What is p(-4)?
2
Let k(w) = -6*w**2 - w. What is k(1)?
-7
Let c(u) = u**3 - 4*u**2 + 4*u - 1. Calculate c(2).
-1
Let q(z) = -10*z + 13. Give q(3).
-17
Let g(f) = -f**3 + 3*f**2 - f. Calculate g(2).
2
Let s(b) = -2*b + 5. Give s(-5).
15
Let o(x) = -13*x - 19. Calculate o(-1).
-6
Let s(x) = x**2 - 6*x - 49. Determine s(11).
6
Let l(x) = -20*x + 61. Give l(5).
-39
Let s(u) = -16*u - 73. Give s(-6).
23
Let x(p) = 2*p - 6. Give x(0).
-6
Let x(k) = -2*k + 9. What is x(5)?
-1
Let z(m) = -4*m + 27. Calculate z(-2).
35
Let a(y) = -4*y**3 + 41*y**2 - 4*y - 61. What is a(10)?
-1
Let j(m) = 3*m + 14. What is j(-7)?
-7
Let f(j) = 3*j - 51. Determine f(12).
-15
Let p(l) = l**3 + 5*l**2 + l. Determine p(-4).
12
Let t(x) = -x**3 + 52*x + 18. Give t(-7).
-3
Let r(t) = t**3 + 6*t**2 - 2*t - 19. Calculate r(-5).
16
Let o(d) = -d**3 - 10*d**2 - 7*d + 9. Determine o(-9).
-9
Let i(m) = -m**3 - 17*m**2 + 39*m - 4. Calculate i(-19).
-23
Let a(w) = w**2 + w - 29. Determine a(4).
-9
Let p(l) = -l**3 - 14*l**2 - 34*l - 8. Determine p(-11).
3
Let i(g) = -g + 22. Determine i(10).
12
Let j(i) = i**2 + 9*i + 8. Calculate j(-7).
-6
Let m(l) = -11*l**2 + 7*l - 1. Calculate m(-2).
-59
Let l(f) = 8*f + 134. Determine l(-16).
6
Let h(c) = -8*c - 6. Determine h(2).
-22
Let a(g) = -g**3 + 24*g**2 - 26*g + 72. Calculate a(23).
3
Let u(f) = -2*f - 12. Determine u(0).
-12
Let p(m) = m**3 - 6*m**2 - 2. Calculate p(5).
-27
Let s(d) = -d**3 - d**2 + 6*d + 1. What is s(-2)?
-7
Let o(p) = 3*p + 31. Determine o(-13).
-8
Let d(b) = 3*b**2 - 9*b - 9. Determine d(-4).
75
Let t(x) = -x**2 + 14*x - 38. Give t(6).
10
Let b(c) = 38*c + 10. Calculate b(2).
86
Let p(j) = 4*j**3 - 9*j**2 - 3*j - 24. Give p(3).
-6
Let h(x) = x**3 + 8*x**2 - 10*x - 6. Give h(-9).
3
Let j(l) = 6*l**3 + 2*l**2 - 3*l + 2. Determine j(1).
7
Let h(z) = z**2 - 14*z + 7. Give h(14).
7
Let u(l) = 8*l - 52. What is u(8)?
12
Let c(y) = -y**2 - 3*y + 3. Give c(4).
-25
Let f(i) = 2*i + 50. Determine f(11).
72
Let n(d) = 5*d + 17. Determine n(-9).
-28
Let i(f) = -44*f - 302. What is i(-7)?
6
Let z(n) = 3*n - 22. Determine z(9).
5
Let g(n) = 4*n - 40. Give g(14).
16
Let s(w) = w**2 - 2*w + 23. What is s(0)?
23
Let v(d) = -2*d**2 + 13*d - 14. Calculate v(1).
-3
Let f(k) = 5*k + 50. Give f(-5).
25
Let y(a) = a**3 + 10*a**2 + 9*a + 11. Give y(-9).
11
Let b(w) = w**3 + 9*w**2 + 2*w - 10. Give b(-9).
-28
Let u(i) = -3*i - 19. What is u(-4)?
-7
Let o(c) = -c**2 + 12*c + 9. Give o(9).
36
Let v(a) = 3*a**3 + 32*a**2 - 10*a + 7. Calculate v(-11).
-4
Let o(l) = -l**3 - 8*l**2 + 8. Calculate o(-8).
8
Let n(c) = 11*c + 1. Calculate n(-2).
-21
Let a(v) = -3*v + 19. Determine a(9).
-8
Let p(d) = 10*d - 62. Give p(6).
-2
Let f(o) = -16*o - 90. Calculate f(-6).
6
Let o(q) = -2*q**2 - 18*q + 7. Calculate o(-10).
-13
Let m(v) = 2*v**2 + 45*v - 25. Calculate m(-23).
-2
Let a(o) = -4*o**2 - o + 4. Calculate a(-2).
-10
Let l(b) = 2*b + 6. What is l(-11)?
-16
Let g(x) = x**2 + 10*x - 10. Give g(-10).
-10
Let l(a) = -a**2 - 9*a - 3. What is l(-8)?
5
Let o(b) = -b**2 - 9*b - 1. Calculate o(-8).
7
Let s(h) = 2*h**2 - 42*h + 33. Determine s(20).
-7
Let h(f) = 2*f - 1. What is h(10)?
19
Let o(i) = -42*i + 89. Give o(2).
5
Let j(u) = u + 7. What is j(-3)?
4
Let z(d) = -d**3 + 9*d**2 - 16*d + 20. Give z(7).
6
Let n(h) = -2*h + 2. What is n(-4)?
10
Let d(w) = -w**2 - 16*w - 22. Give d(-17).
-39
Let l(w) = w**3 - 9*w**2 + 10*w - 13. Give l(8).
3
Let x(z) = 2*z**3 - 3*z**2 - 5*z + 4. Give x(2).
-2
Let j(l) = 3*l + 5. What is j(-8)?
-19
Let b(u) = 2*u + 15. What is b(16)?
47
Let x(y) = -2*y - 34. Calculate x(-18).
2
Let f(s) = 4*s**2 - 65*s + 8. Calculate f(16).
-8
Let n(l) = l**2 - 16*l - 5. Give n(16).
-5
Let m(y) = y**3 + 15*y**2 + 16*y - 12. Determine m(-14).
-40
Let j(p) = p**3 + 7*p**2 + 4*p - 11. Give j(-6).
1
Let a(t) = -9*t**2 - 8*t - 8. Calculate a(-1).
-9
Let h(n) = -2*n**2 - n - 3. Determine h(-4).
-31
Let p(h) = 4*h**2 - 3*h + 3. Determine p(3).
30
Let u(f) = -f**3 + 8*f**2 + 9*f. Determine u(9).
0
Let i(j) = -7*j + 2. What is i(1)?
-5
Let i(b) = -b**3 + 7*b**2 - 7*b + 5. Give i(6).
-1
Let c(y) = 4*y**2 - 20*y + 9. What is c(5)?
9
Let w(a) = -4*a**2 - 3*a - 1. Determine w(-1).
-2
Let z(h) = 5*h + 166. What is z(-40)?
-34
Let z(v) = -v**3 + 6*v**2 + 3*v - 9. Give z(6).
9
Let v(t) = -15*t**2 - t. Determine v(-1).
-14
Let n(k) = 7*k + 147. What is n(-19)?
14
Let m(y) = -y**2 + y - 13. What is m(0)?
-13
Let d(g) = 4*g**2 - 20*g - 9. Calculate d(5).
-9
Let v(b) = -2*b**2 + 38*b - 39. Calculate v(18).
-3
Let n(r) = -r**3 - 11*r**2 - 2*r - 25. Calculate n(-11).
-3
Let d(v) = -v**3 + 3*v**2 + 42*v - 11. What is d(8)?
5
Let c(t) = t**3 + 17*t**2 - 3*t + 4. Calculate c(-17).
55
Let m(h) = -43*h - 33. Determine m(-1).
10
Let j(o) = 2*o**3 + 16*o**2 + 4*o + 29. What is j(-8)